{"id":923,"date":"2025-01-28T23:59:50","date_gmt":"2025-01-28T23:59:50","guid":{"rendered":"https:\/\/www.homeofwork.at\/?page_id=923"},"modified":"2025-01-28T23:59:50","modified_gmt":"2025-01-28T23:59:50","slug":"impressum","status":"publish","type":"page","link":"https:\/\/www.homeofwork.at\/?page_id=923","title":{"rendered":"Impressum"},"content":{"rendered":"\n<p class=\"has-black-color has-text-color has-link-color wp-elements-1c87e9a454351fde54730cdd9f974135\">Impressum<\/p>\n\n\n\n<p>Informationspflicht laut \u00a75 E-Commerce Gesetz, \u00a714 Unternehmensgesetzbuch, \u00a763 Gewerbeordnung und Offenlegungspflicht laut \u00a725 Mediengesetz<\/p>\n\n\n\n<p>Home of Work<br>Thomas Bene Office Interiors<br>Neubaugasse 25\/2\/4<br>1070 Wien<\/p>\n\n\n\n<p>in Zusammenarbeit mit<\/p>\n\n\n\n<p>SixDegrees Beteiligung- und Management GmbH<br>Museumstrasse 3b\/17<br>1070 Wien<\/p>\n\n\n\n<p>UID-Nummer: ATU 6656 8608<br>FN: 364288v<\/p>\n\n\n\n<p>Tel.: +43 (0) 664 927 16 88<br>E-Mail: office@homeofwork.at<\/p>\n\n\n\n<p>Unternehmensgegenstand: Unternehmensberatung im Bereich Fashion, Art, Music, Entertainment &amp; Design; \u00dcbernahme einschl\u00e4giger Handelsvertretungen und Haltung von Beteiligungen<\/p>\n\n\n\n<p>Mitglied bei: WKO, Landesinnung, etc.<\/p>\n\n\n\n<p>Aufsichtsbeh\u00f6rde\/Gewerbebeh\u00f6rde: WKO<\/p>\n\n\n\n<p>Verleihungsstaat: \u00d6sterreich<\/p>\n\n\n\n<p>\u00a9 Corporate Design, Konzept und Umsetzung: Susanne Keuschnig | <a href=\"http:\/\/www.fuergestaltung.at\/\" target=\"_blank\" rel=\"noreferrer noopener\">www.fuergestaltung.at<\/a><\/p>\n\n\n\n<p>\u00a9 Fotocredits B\u00fcro Neubaugasse: Christoph Kerschbaum | <a href=\"https:\/\/studiokerschbaum.com\/\">www.studiokerschbaum.com<\/a><\/p>\n\n\n\n<p>\u00a9 Fotocredits Fotos Personen: Sabine Klimpt | <a href=\"https:\/\/www.klimpt.at\/\">www.klimpt.at<\/a> | G\u00f6zi Photographer | <a href=\"http:\/\/www.goezi.at\">www.goezi.at<\/a> | <a href=\"https:\/\/www.instagram.com\/viennahasstyle\/\">Lukas Fuchs (@viennahasstyle)<\/a><\/p>\n\n\n\n<p>\u00a9 Fotocredits Image Bilder: Haworth, Inc. | <a href=\"https:\/\/www.haworth.com\/eu\/de.html\">www.haworth.com<\/a><\/p>\n\n\n\n<p>\u00a9 Texte: David Sievers |&nbsp;<a href=\"http:\/\/davidsievers.eu\">davidsievers.eu<\/a><\/p>\n\n\n\n<p><strong>Haftungsausschluss<\/strong><\/p>\n\n\n\n<p>?Dieser Haftungsausschluss ist als Teil des Internetangebotes zu betrachten, von dem aus auf diese Webseite verwiesen wurde. Sofern Teile oder einzelne Formulierungen dieses Textes der geltenden Rechtslage nicht, nicht mehr oder nicht vollst\u00e4ndig entsprechen sollten, bleiben die \u00fcbrigen Teile des Dokumentes in ihrem Inhalt und ihrer G\u00fcltigkeit davon unber\u00fchrt.<\/p>\n\n\n\n<p><strong>Haftung f\u00fcr Inhalte dieser Webseite<\/strong><\/p>\n\n\n\n<p>Die Inhalte unserer Seiten wurden mit gr\u00f6\u00dfter Sorgfalt erstellt. F\u00fcr die Richtigkeit, Vollst\u00e4ndigkeit und Aktualit\u00e4t der Inhalte k\u00f6nnen wir jedoch keine Gew\u00e4hr \u00fcbernehmen. Als Dienstanbieter sind wir f\u00fcr eigene Inhalte auf diesen Seiten nach den allgemeinen Gesetzen verantwortlich. Wir sind jedoch nicht verpflichtet, \u00fcbermittelte oder gespeicherte fremde Informationen zu \u00fcberwachen oder nach Umst\u00e4nden zu forschen, die auf eine rechtswidrige T\u00e4tigkeit hinweisen. Verpflichtungen zur Entfernung oder Sperrung der Nutzung von Informationen nach den allgemeinen Gesetzen bleiben hiervon unber\u00fchrt. Eine diesbez\u00fcgliche Haftung ist jedoch erst ab dem Zeitpunkt der Kenntnis einer konkreten Rechtsverletzung m\u00f6glich. Bei Bekanntwerden von entsprechenden Rechtsverletzungen werden wir diese Inhalte umgehend entfernen.<\/p>\n\n\n\n<p><strong>Haftung f\u00fcr Links auf Webseiten<\/strong><\/p>\n\n\n\n<p>Dritter Unser Angebot enth\u00e4lt Links zu externen Websites. Auf den Inhalt dieser externen Webseiten haben wir keinerlei Einfluss. Deshalb k\u00f6nnen wir f\u00fcr diese fremden Inhalte auch keine Gew\u00e4hr \u00fcbernehmen. F\u00fcr die Inhalte der verlinkten Seiten ist stets der jeweilige Anbieter oder Betreiber der Seiten verantwortlich. Die verlinkten Seiten wurden zum Zeitpunkt der Verlinkung auf m\u00f6gliche Rechtsverst\u00f6\u00dfe \u00fcberpr\u00fcft. Rechtswidrige Inhalte waren zum Zeitpunkt der Verlinkung nicht erkennbar. Eine permanente inhaltliche Kontrolle der verlinkten Seiten ist jedoch ohne konkrete Anhaltspunkte einer Rechtsverletzung nicht zumutbar. Bei Bekanntwerden von Rechtsverletzungen werden wir derartige Links umgehend entfernen.<\/p>\n\n\n\n<p><strong>Urheberrecht<\/strong><\/p>\n\n\n\n<p>Die Betreiber dieser Webseite sind bem\u00fcht, stets die Urheberrechte anderer zu beachten bzw. auf selbst erstellte sowie lizenzfreie Werke zur\u00fcckzugreifen. Die durch die Seitenbetreiber erstellten Inhalte und Werke auf dieser Webseite unterliegen dem Urheberrecht. Beitr\u00e4ge Dritter sind als solche gekennzeichnet. Die Vervielf\u00e4ltigung, Bearbeitung, Verbreitung und jede Art der Verwertung au\u00dferhalb der Grenzen des Urheberrechtes bed\u00fcrfen der schriftlichen Zustimmung des jeweiligen Autors bzw. Erstellers. Downloads und Kopien dieser Seite sind nur f\u00fcr den privaten, nicht kommerziellen Gebrauch gestattet.<\/p>\n\n\n\n<h2 class=\"wp-block-heading\">AGB<\/h2>\n\n\n\n<p class=\"has-black-color has-text-color has-link-color wp-elements-0cab278f94493f3a391c055d8c1fe3b3\"><a href=\"https:\/\/homeofwork.at\/wp-content\/uploads\/2021\/05\/AGB_SixDegrees2012.pdf\">Link<\/a><\/p>\n","protected":false},"excerpt":{"rendered":"<p>Impressum Informationspflicht laut \u00a75 E-Commerce Gesetz, \u00a714 Unternehmensgesetzbuch, \u00a763 Gewerbeordnung und Offenlegungspflicht laut \u00a725 Mediengesetz Home of WorkThomas Bene Office InteriorsNeubaugasse 25\/2\/41070 Wien in Zusammenarbeit mit SixDegrees Beteiligung- und Management GmbHMuseumstrasse 3b\/171070 Wien UID-Nummer: ATU 6656 8608FN: 364288v Tel.: +43 (0) 664 927 16 88E-Mail: office@homeofwork.at Unternehmensgegenstand: Unternehmensberatung im Bereich Fashion, Art, Music, Entertainment &amp; [&hellip;]<\/p>\n","protected":false},"author":1,"featured_media":0,"parent":0,"menu_order":0,"comment_status":"closed","ping_status":"closed","template":"","meta":{"footnotes":""},"class_list":["post-923","page","type-page","status-publish","hentry"],"_links":{"self":[{"href":"https:\/\/www.homeofwork.at\/index.php?rest_route=\/wp\/v2\/pages\/923","targetHints":{"allow":["GET"]}}],"collection":[{"href":"https:\/\/www.homeofwork.at\/index.php?rest_route=\/wp\/v2\/pages"}],"about":[{"href":"https:\/\/www.homeofwork.at\/index.php?rest_route=\/wp\/v2\/types\/page"}],"author":[{"embeddable":true,"href":"https:\/\/www.homeofwork.at\/index.php?rest_route=\/wp\/v2\/users\/1"}],"replies":[{"embeddable":true,"href":"https:\/\/www.homeofwork.at\/index.php?rest_route=%2Fwp%2Fv2%2Fcomments&post=923"}],"version-history":[{"count":1,"href":"https:\/\/www.homeofwork.at\/index.php?rest_route=\/wp\/v2\/pages\/923\/revisions"}],"predecessor-version":[{"id":924,"href":"https:\/\/www.homeofwork.at\/index.php?rest_route=\/wp\/v2\/pages\/923\/revisions\/924"}],"wp:attachment":[{"href":"https:\/\/www.homeofwork.at\/index.php?rest_route=%2Fwp%2Fv2%2Fmedia&parent=923"}],"curies":[{"name":"wp","href":"https:\/\/api.w.org\/{rel}","templated":true}]}}